 the prime factors of 3495?
3, 5, 233
List the prime factors of 266.
2, 7, 19
List the prime factors of 18021.
3, 6007
What are the prime factors of 539?
7, 11
What are the prime factors of 13?
13
What are the prime factors of 10141?
10141
List the prime factors of 3669.
3, 1223
What are the prime factors of 55617?
3, 18539
List the prime factors of 32790.
2, 3, 5, 1093
What are the prime factors of 1103?
1103
List the prime factors of 16932.
2, 3, 17, 83
List the prime factors of 5485.
5, 1097
What are the prime factors of 5282?
2, 19, 139
What are the prime factors of 6812?
2, 13, 131
List the prime factors of 2300.
2, 5, 23
List the prime factors of 4551.
3, 37, 41
List the prime factors of 10387.
13, 17, 47
List the prime factors of 48065.
5, 9613
List the prime factors of 79832.
2, 17, 587
List the prime factors of 5056.
2, 79
What are the prime factors of 74879?
7, 19, 563
What are the prime factors of 9622?
2, 17, 283
What are the prime factors of 62164?
2, 15541
What are the prime factors of 60999?
3, 20333
List the prime factors of 79624.
2, 37, 269
List the prime factors of 285.
3, 5, 19
What are the prime factors of 83523?
3, 11, 2531
What are the prime factors of 13210?
2, 5, 1321
List the prime factors of 46330.
2, 5, 41, 113
List the prime factors of 1375.
5, 11
List the prime factors of 1804.
2, 11, 41
List the prime factors of 54435.
3, 5, 19, 191
What are the prime factors of 2818?
2, 1409
What are the prime factors of 41480?
2, 5, 17, 61
What are the prime factors of 16544?
2, 11, 47
What are the prime factors of 10116?
2, 3, 281
What are the prime factors of 227?
227
List the prime factors of 1416.
2, 3, 59
List the prime factors of 3937.
31, 127
What are the prime factors of 25180?
2, 5, 1259
List the prime factors of 61851.
3, 53, 389
What are the prime factors of 1913?
1913
List the prime factors of 2506.
2, 7, 179
List the prime factors of 75768.
2, 3, 7, 11, 41
List the prime factors of 37151.
97, 383
List the prime factors of 247.
13, 19
What are the prime factors of 28722?
2, 3, 4787
List the prime factors of 5549.
31, 179
What are the prime factors of 3474?
2, 3, 193
What are the prime factors of 1161?
3, 43
List the prime factors of 37141.
13, 2857
What are the prime factors of 813?
3, 271
List the prime factors of 744.
2, 3, 31
What are the prime factors of 1337?
7, 191
List the prime factors of 15867.
3, 41, 43
What are the prime factors of 92?
2, 23
List the prime factors of 2801.
2801
List the prime factors of 50140.
2, 5, 23, 109
List the prime factors of 3726.
2, 3, 23
What are the prime factors of 30065?
5, 7, 859
What are the prime factors of 2017?
2017
List the prime factors of 612.
2, 3, 17
What are the prime factors of 2887?
2887
List the prime factors of 77263.
77263
What are the prime factors of 9661?
9661
List the prime factors of 939.
3, 313
What are the prime factors of 6810?
2, 3, 5, 227
List the prime factors of 21034.
2, 13, 809
List the prime factors of 3454.
2, 11, 157
List the prime factors of 2431.
11, 13, 17
What are the prime factors of 10429?
10429
What are the prime factors of 1036?
2, 7, 37
What are the prime factors of 40691?
7, 5813
What are the prime factors of 33730?
2, 5, 3373
What are the prime factors of 118735?
5, 23747
What are the prime factors of 48856?
2, 31, 197
What are the prime factors of 67?
67
List the prime factors of 103994.
2, 11, 29, 163
What are the prime factors of 1017?
3, 113
What are the prime factors of 2333?
2333
List the prime factors of 32402.
2, 17, 953
List the prime factors of 13021.
29, 449
List the prime factors of 19570.
2, 5, 19, 103
List the prime factors of 2022.
2, 3, 337
What are the prime factors of 1083?
3, 19
What are the prime factors of 13062?
2, 3, 7, 311
What are the prime factors of 4546?
2, 2273
List the prime factors of 56313.
3, 6257
List the prime factors of 1498.
2, 7, 107
What are the prime factors of 11320?
2, 5, 283
What are the prime factors of 27554?
2, 23, 599
List the prime factors of 17532.
2, 3, 487
What are the prime factors of 10906?
2, 7, 19, 41
What are the prime factors of 18255?
3, 5, 1217
List the prime factors of 1387.
19, 73
List the prime factors of 14708.
2, 3677
List the prime factors of 2739.
3, 11, 83
List the prime factors of 28003.
41, 683
List the prime factors of 72.
2, 3
List the prime factors of 1560.
2, 3, 5, 13
List the prime factors of 1005.
3, 5, 67
What are the prime factors of 4161?
3, 19, 73
List the prime factors of 46690.
2, 5, 7, 23, 29
What are the prime factors of 4258?
2, 2129
What are the prime factors of 9712?
2, 607
List the prime factors of 3198.
2, 3, 13, 41
List the prime factors of 6976.
2, 109
What are the prime factors of 134487?
3, 17, 293
What are the prime factors of 2695?
5, 7, 11
What are the prime factors of 24120?
2, 3, 5, 67
List the prime factors of 1033.
1033
List the prime factors of 39145.
5, 7829
What are the prime factors of 19799?
13, 1523
What are the prime factors of 115117?
115117
List the prime factors of 119677.
119677
What are the prime factors of 20814?
2, 3, 3469
What are the prime factors of 30508?
2, 29, 263
What are the prime factors of 6129?
3, 227
What are the prime factors of 22744?
2, 2843
List the prime factors of 2540.
2, 5, 127
List the prime factors of 365.
5, 73
List the prime factors of 789.
3, 263
List the prime factors of 40135.
5, 23, 349
List the prime factors of 1124.
2, 281
List the prime factors of 35834.
2, 19, 23, 41
List the prime factors of 58643.
13, 347
What are the prime factors of 9201?
3, 3067
What are the prime factors of 4513?
4513
List the prime factors of 3091.
11, 281
List the prime factors of 572.
2, 11, 13
What are the prime factors of 11878?
2, 5939
List the prime factors of 79321.
11, 7211
What are the prime factors of 1644?
2, 3, 137
What are the prime factors of 4210?
2, 5, 421
What are the prime factors of 1382?
2, 691
What are the prime factors of 35449?
35449
List the prime factors of 1397.
11, 127
List the prime factors of 2707.
2707
List the prime factors of 6259.
11, 569
List the prime factors of 105706.
2, 17, 3109
List the prime factors of 48057.
3, 83, 193
What are the prime factors of 2499?
3, 7, 17
What are the prime factors of 10078?
2, 5039
List the prime factors of 17321.
17321
What are the prime factors of 511?
7, 73
What are the prime factors of 17418?
2, 3, 2903
What are the prime factors of 2534?
2, 7, 181
List the prime factors of 679.
7, 97
What are the prime factors of 326?
2, 163
List the prime factors of 1972.
2, 17, 29
List the prime factors of 17249.
47, 367
What are the prime factors of 4039?
7, 577
List the prime factors of 8446.
2, 41, 103
What are the prime factors of 10213?
7, 1459
What are the prime factors of 8578?
2, 4289
List the prime factors of 37243.
37243
What are the prime factors of 665?
5, 7, 19
List the prime factors of 29217.
3, 9739
What are the prime factors of 5759?
13, 443
What are the prime factors of 1853?
17, 109
List the prime factors of 11121.
3, 11, 337
What are the prime factors of 165?
3, 5, 11
What are the prime factors of 346?
2, 173
List the prime factors of 2644.
2, 661
What are the prime factors of 2480?
2, 5, 31
List the prime factors of 131.
131
What are the prime factors of 110602?
2, 17, 3253
What are the prime factors of 23572?
2, 71, 83
List the prime factors of 1540.
2, 5, 7, 11
What are the prime factors of 2241?
3, 83
List the prime factors of 40859.
7, 13, 449
List the prime factors of 72830.
2, 5, 7283
What are the prime factors of 23613?
3, 17, 463
What are the prime factors of 40157?
13, 3089
List the prime factors of 3845.
5, 769
What are the prime factors of 1376?
2, 43
What are the prime factors of 3370?
2, 5, 337
List the prime factors of 25380.
2, 3, 5, 47
What are the prime factors of 21750?
2, 3, 5, 29
List the prime factors of 7003.
47, 149
What are the prime factors of 21470?
2, 5, 19, 113
What are the prime factors of 18700?
2, 5, 11, 17
List the prime factors of 1988.
2, 7, 71
What are the prime factors of 1151?
1151
What are the prime factors of 3095?
5, 619
List the prime factors of 5691.
3, 7, 271
What are the prime factors of 49436?
2, 17, 727
List the prime factors of 21192.
2, 3, 883
List the prime factors of 594.
2, 3, 11
List t